alculate the highest common factor of 3952 and 6812.
52
Calculate the greatest common factor of 3819953 and 3017.
431
What is the highest common divisor of 2463606 and 83?
83
Calculate the highest common divisor of 29834 and 700.
14
What is the highest common divisor of 30 and 55?
5
Calculate the highest common factor of 396 and 2628.
36
What is the greatest common factor of 2500 and 39625?
125
Calculate the greatest common divisor of 1625 and 8250.
125
What is the highest common factor of 290009 and 79?
79
Calculate the highest common divisor of 425 and 595.
85
What is the highest common divisor of 67156 and 412?
412
Calculate the highest common factor of 20400 and 780.
60
What is the highest common divisor of 27847979 and 41?
41
What is the greatest common divisor of 1673 and 2093?
7
Calculate the highest common factor of 335768 and 152.
152
What is the highest common divisor of 1560 and 9048?
312
Calculate the highest common divisor of 32567 and 268397.
1123
What is the greatest common divisor of 15264 and 117660?
636
What is the highest common divisor of 268 and 2034120?
268
Calculate the highest common divisor of 32 and 560408.
8
What is the highest common factor of 1840 and 6172280?
920
What is the highest common factor of 150 and 954?
6
Calculate the greatest common divisor of 91 and 100373.
91
What is the highest common factor of 208 and 10400?
208
Calculate the greatest common factor of 87183 and 108.
27
Calculate the greatest common factor of 28884 and 36.
12
Calculate the highest common factor of 109830 and 154.
14
Calculate the greatest common divisor of 136 and 11736.
8
Calculate the greatest common factor of 638561 and 231.
77
What is the greatest common divisor of 17894 and 1058?
46
Calculate the greatest common divisor of 63503 and 253.
253
Calculate the greatest common divisor of 356677 and 17.
17
What is the greatest common divisor of 83488 and 7520?
32
Calculate the greatest common divisor of 72136 and 20.
4
Calculate the greatest common divisor of 10991 and 10469.
29
What is the greatest common divisor of 1665 and 405?
45
What is the highest common divisor of 11050 and 27846?
442
Calculate the highest common divisor of 6250 and 30.
10
Calculate the highest common divisor of 3051 and 45313.
113
Calculate the highest common divisor of 8945 and 45.
5
Calculate the highest common divisor of 32 and 3394224.
16
What is the highest common divisor of 7895370 and 294?
294
Calculate the greatest common factor of 718 and 38.
2
Calculate the greatest common factor of 20 and 941870.
10
What is the highest common factor of 115 and 1487?
1
What is the highest common divisor of 285 and 198975?
15
What is the highest common divisor of 313055 and 34?
17
Calculate the highest common factor of 27 and 1276056.
9
What is the greatest common divisor of 4212 and 1572?
12
Calculate the highest common factor of 389114 and 11.
11
What is the greatest common factor of 4116 and 1533?
21
Calculate the highest common divisor of 38739 and 1396.
349
What is the highest common divisor of 3610 and 494?
38
What is the highest common factor of 547172 and 267?
89
Calculate the greatest common factor of 1595 and 12683.
11
Calculate the highest common divisor of 21 and 327243.
21
What is the highest common divisor of 117 and 841581?
117
Calculate the greatest common factor of 14791 and 56.
7
What is the highest common divisor of 1472770 and 130?
130
What is the highest common factor of 19 and 746225?
19
What is the greatest common factor of 7 and 188811?
7
What is the greatest common divisor of 2560005 and 135?
135
Calculate the highest common divisor of 37595 and 365.
365
Calculate the greatest common factor of 737520 and 224.
112
Calculate the greatest common divisor of 5500 and 200.
100
What is the highest common divisor of 28 and 29134?
14
Calculate the highest common divisor of 162237 and 861.
123
What is the greatest common divisor of 52812 and 67156?
652
What is the greatest common divisor of 172260 and 308?
44
What is the greatest common divisor of 829887 and 9?
3
What is the greatest common factor of 13842 and 54?
18
What is the highest common divisor of 565 and 755?
5
Calculate the highest common divisor of 24475 and 7425.
275
What is the greatest common factor of 4747104 and 6220?
1244
What is the greatest common factor of 144648 and 728?
56
Calculate the highest common divisor of 190890 and 45.
45
What is the greatest common factor of 6 and 10530?
6
Calculate the greatest common divisor of 15 and 41367.
3
Calculate the highest common factor of 50240 and 400.
80
Calculate the greatest common divisor of 16675 and 200.
25
Calculate the greatest common divisor of 48060 and 9270.
90
What is the greatest common divisor of 64 and 46858?
2
Calculate the highest common factor of 1792 and 20.
4
What is the greatest common divisor of 286554 and 24612?
1758
Calculate the highest common factor of 111496 and 77.
77
Calculate the highest common divisor of 54 and 4842.
18
What is the greatest common divisor of 6205 and 1660?
5
Calculate the greatest common factor of 58 and 275239.
29
What is the highest common divisor of 1771494 and 174?
174
Calculate the greatest common divisor of 1445 and 394196.
289
Calculate the highest common divisor of 936 and 42939.
117
What is the greatest common factor of 4734 and 207770?
526
What is the greatest common factor of 13308 and 240?
12
What is the highest common divisor of 711 and 8137?
79
Calculate the highest common factor of 178 and 1184234.
178
Calculate the highest common divisor of 4 and 25034.
2
What is the highest common factor of 8283 and 1947?
33
What is the highest common factor of 11165 and 7511?
203
Calculate the highest common divisor of 680928 and 692.
692
Calculate the highest common factor of 56214 and 648.
162
Calculate the highest common divisor of 39 and 15873.
39
What is the highest common divisor of 2680 and 22760?
40
What is the highest common factor of 135906 and 6?
6
What is the greatest common divisor of 21273 and 168?
21
What is the greatest common factor of 88 and 13211?
11
What is the highest common factor of 58 and 132327?
29
What is the highest common factor of 46760 and 427?
7
What is the greatest common divisor of 468 and 622206?
234
What is the greatest common factor of 30 and 1938945?
15
Calculate the highest common divisor of 45347 and 1324.
331
Calculate the highest common factor of 662406 and 12.
6
What is the greatest common factor of 28680 and 48?
24
What is the highest common divisor of 498644 and 68?
68
What is the greatest common factor of 675 and 11565?
45
Calculate the highest common factor of 1482638 and 170.
34
What is the greatest common divisor of 2 and 478162?
2
What is the highest common factor of 359055 and 11455?
395
Calculate the greatest common factor of 840 and 2910.
30
What is the greatest common factor of 5278 and 1162?
14
Calculate the greatest common divisor of 45984 and 1104.
48
Calculate the greatest common factor of 57 and 17537.
19
Calculate the highest common factor of 20 and 670330.
10
What is the greatest common divisor of 154 and 1859?
11
Calculate the greatest common factor of 15902 and 2.
2
What is the greatest common divisor of 3408228 and 108?
36
Calculate the highest common divisor of 1280 and 15.
5
What is the greatest common factor of 1277577 and 2205?
441
What is the highest common divisor of 186816 and 105?
21
What is the highest common divisor of 1420 and 1652?
4
Calculate the highest common divisor of 76875 and 492.
123
Calculate the greatest common factor of 93 and 110391.
93
Calculate the highest common divisor of 909084 and 142.
142
Calculate the highest common divisor of 780 and 291486.
78
Calculate the greatest common divisor of 6048 and 304.
16
Calculate the greatest common divisor of 2006 and 1829.
59
What is the highest common factor of 1207 and 19?
1
Calculate the highest common factor of 615 and 1830.
15
Calculate the greatest common factor of 27040 and 4000.
160
What is the highest common factor of 420 and 32100?
60
Calculate the greatest common divisor of 40 and 15896.
8
What is the highest common factor of 232898 and 230?
46
What is the highest common factor of 64 and 168960?
64
Calculate the greatest common divisor of 67142 and 118.
